{"id":4502,"date":"2025-10-30T20:23:46","date_gmt":"2025-10-30T23:23:46","guid":{"rendered":"https:\/\/centraldacop.oc.eco.br\/eventos\/cortejo-boi-vagalume-espalhando-suas-sementes\/"},"modified":"2025-11-05T15:43:19","modified_gmt":"2025-11-05T18:43:19","slug":"cortejo-boi-vagalume-espalhando-suas-sementes","status":"publish","type":"eventos","link":"https:\/\/centraldacop.oc.eco.br\/en\/eventos\/cortejo-boi-vagalume-espalhando-suas-sementes\/","title":{"rendered":"Cortejo Boi Vagalume espalhando suas sementes"},"content":{"rendered":"","protected":false},"excerpt":{"rendered":"<p>Apresenta\u00e7\u00e3o musical de boi-bumb\u00e1 com 13 toadas, figurinos t\u00edpicos e alegorias manipuladas pelo amo, incluindo cortejo pela pra\u00e7a. Reflex\u00f5es sobre a crise clim\u00e1tica aparecem nas falas do amo e nas letras das can\u00e7\u00f5es.<\/p>\n","protected":false},"author":3,"featured_media":0,"template":"","categories":[426],"tags":[445],"class_list":["post-4502","eventos","type-eventos","status-publish","hentry","category-espetaculo-musical","tag-dia-11"],"acf":[],"yoast_head":"<!-- This site is optimized with the Yoast SEO plugin v26.4 - https:\/\/yoast.com\/wordpress\/plugins\/seo\/ -->\n<title>Cortejo Boi Vagalume espalhando suas sementes - Central da COP<\/title>\n<meta name=\"robots\" content=\"index, follow, max-snippet:-1, max-image-preview:large, max-video-preview:-1\" \/>\n<link rel=\"canonical\" href=\"https:\/\/centraldacop.oc.eco.br\/eventos\/cortejo-boi-vagalume-espalhando-suas-sementes\/\" \/>\n<meta property=\"og:locale\" content=\"en_US\" \/>\n<meta property=\"og:type\" content=\"article\" \/>\n<meta property=\"og:title\" content=\"Cortejo Boi Vagalume espalhando suas sementes - Central da COP\" \/>\n<meta property=\"og:description\" content=\"Apresenta\u00e7\u00e3o musical de boi-bumb\u00e1 com 13 toadas, figurinos t\u00edpicos e alegorias manipuladas pelo amo, incluindo cortejo pela pra\u00e7a. Reflex\u00f5es sobre a crise clim\u00e1tica aparecem nas falas do amo e nas letras das can\u00e7\u00f5es.\" \/>\n<meta property=\"og:url\" content=\"https:\/\/centraldacop.oc.eco.br\/eventos\/cortejo-boi-vagalume-espalhando-suas-sementes\/\" \/>\n<meta property=\"og:site_name\" content=\"Central da COP\" \/>\n<meta property=\"article:publisher\" content=\"https:\/\/www.facebook.com\/ObservatorioClima\" \/>\n<meta property=\"article:modified_time\" content=\"2025-11-05T18:43:19+00:00\" \/>\n<meta name=\"twitter:card\" content=\"summary_large_image\" \/>\n<meta name=\"twitter:site\" content=\"@obsclima\" \/>\n<script type=\"application\/ld+json\" class=\"yoast-schema-graph\">{\"@context\":\"https:\/\/schema.org\",\"@graph\":[{\"@type\":\"WebPage\",\"@id\":\"https:\/\/centraldacop.oc.eco.br\/eventos\/cortejo-boi-vagalume-espalhando-suas-sementes\/\",\"url\":\"https:\/\/centraldacop.oc.eco.br\/eventos\/cortejo-boi-vagalume-espalhando-suas-sementes\/\",\"name\":\"Cortejo Boi Vagalume espalhando suas sementes - Central da COP\",\"isPartOf\":{\"@id\":\"https:\/\/centraldacop.oc.eco.br\/#website\"},\"datePublished\":\"2025-10-30T23:23:46+00:00\",\"dateModified\":\"2025-11-05T18:43:19+00:00\",\"breadcrumb\":{\"@id\":\"https:\/\/centraldacop.oc.eco.br\/eventos\/cortejo-boi-vagalume-espalhando-suas-sementes\/#breadcrumb\"},\"inLanguage\":\"en-US\",\"potentialAction\":[{\"@type\":\"ReadAction\",\"target\":[\"https:\/\/centraldacop.oc.eco.br\/eventos\/cortejo-boi-vagalume-espalhando-suas-sementes\/\"]}]},{\"@type\":\"BreadcrumbList\",\"@id\":\"https:\/\/centraldacop.oc.eco.br\/eventos\/cortejo-boi-vagalume-espalhando-suas-sementes\/#breadcrumb\",\"itemListElement\":[{\"@type\":\"ListItem\",\"position\":1,\"name\":\"In\u00edcio\",\"item\":\"https:\/\/centraldacop.oc.eco.br\/en\/home\/\"},{\"@type\":\"ListItem\",\"position\":2,\"name\":\"Eventos\",\"item\":\"https:\/\/centraldacop.oc.eco.br\/eventos\/\"},{\"@type\":\"ListItem\",\"position\":3,\"name\":\"Cortejo Boi Vagalume espalhando suas sementes\"}]},{\"@type\":\"WebSite\",\"@id\":\"https:\/\/centraldacop.oc.eco.br\/#website\",\"url\":\"https:\/\/centraldacop.oc.eco.br\/\",\"name\":\"Central da COP\",\"description\":\"\",\"publisher\":{\"@id\":\"https:\/\/centraldacop.oc.eco.br\/#organization\"},\"potentialAction\":[{\"@type\":\"SearchAction\",\"target\":{\"@type\":\"EntryPoint\",\"urlTemplate\":\"https:\/\/centraldacop.oc.eco.br\/?s={search_term_string}\"},\"query-input\":{\"@type\":\"PropertyValueSpecification\",\"valueRequired\":true,\"valueName\":\"search_term_string\"}}],\"inLanguage\":\"en-US\"},{\"@type\":\"Organization\",\"@id\":\"https:\/\/centraldacop.oc.eco.br\/#organization\",\"name\":\"Central da COP\",\"alternateName\":\"O Central da COP \u00e9 um site criado pelo Observat\u00f3rio do Clima\",\"url\":\"https:\/\/centraldacop.oc.eco.br\/\",\"logo\":{\"@type\":\"ImageObject\",\"inLanguage\":\"en-US\",\"@id\":\"https:\/\/centraldacop.oc.eco.br\/#\/schema\/logo\/image\/\",\"url\":\"https:\/\/centraldacop.oc.eco.br\/wp-content\/uploads\/2024\/07\/Central-da-COP-Escudo.svg\",\"contentUrl\":\"https:\/\/centraldacop.oc.eco.br\/wp-content\/uploads\/2024\/07\/Central-da-COP-Escudo.svg\",\"width\":800,\"height\":800,\"caption\":\"Central da COP\"},\"image\":{\"@id\":\"https:\/\/centraldacop.oc.eco.br\/#\/schema\/logo\/image\/\"},\"sameAs\":[\"https:\/\/www.facebook.com\/ObservatorioClima\",\"https:\/\/x.com\/obsclima\"]}]}<\/script>\n<!-- \/ Yoast SEO plugin. -->","yoast_head_json":{"title":"Cortejo Boi Vagalume espalhando suas sementes - Central da COP","robots":{"index":"index","follow":"follow","max-snippet":"max-snippet:-1","max-image-preview":"max-image-preview:large","max-video-preview":"max-video-preview:-1"},"canonical":"https:\/\/centraldacop.oc.eco.br\/eventos\/cortejo-boi-vagalume-espalhando-suas-sementes\/","og_locale":"en_US","og_type":"article","og_title":"Cortejo Boi Vagalume espalhando suas sementes - Central da COP","og_description":"Apresenta\u00e7\u00e3o musical de boi-bumb\u00e1 com 13 toadas, figurinos t\u00edpicos e alegorias manipuladas pelo amo, incluindo cortejo pela pra\u00e7a. Reflex\u00f5es sobre a crise clim\u00e1tica aparecem nas falas do amo e nas letras das can\u00e7\u00f5es.","og_url":"https:\/\/centraldacop.oc.eco.br\/eventos\/cortejo-boi-vagalume-espalhando-suas-sementes\/","og_site_name":"Central da COP","article_publisher":"https:\/\/www.facebook.com\/ObservatorioClima","article_modified_time":"2025-11-05T18:43:19+00:00","twitter_card":"summary_large_image","twitter_site":"@obsclima","schema":{"@context":"https:\/\/schema.org","@graph":[{"@type":"WebPage","@id":"https:\/\/centraldacop.oc.eco.br\/eventos\/cortejo-boi-vagalume-espalhando-suas-sementes\/","url":"https:\/\/centraldacop.oc.eco.br\/eventos\/cortejo-boi-vagalume-espalhando-suas-sementes\/","name":"Cortejo Boi Vagalume espalhando suas sementes - Central da COP","isPartOf":{"@id":"https:\/\/centraldacop.oc.eco.br\/#website"},"datePublished":"2025-10-30T23:23:46+00:00","dateModified":"2025-11-05T18:43:19+00:00","breadcrumb":{"@id":"https:\/\/centraldacop.oc.eco.br\/eventos\/cortejo-boi-vagalume-espalhando-suas-sementes\/#breadcrumb"},"inLanguage":"en-US","potentialAction":[{"@type":"ReadAction","target":["https:\/\/centraldacop.oc.eco.br\/eventos\/cortejo-boi-vagalume-espalhando-suas-sementes\/"]}]},{"@type":"BreadcrumbList","@id":"https:\/\/centraldacop.oc.eco.br\/eventos\/cortejo-boi-vagalume-espalhando-suas-sementes\/#breadcrumb","itemListElement":[{"@type":"ListItem","position":1,"name":"In\u00edcio","item":"https:\/\/centraldacop.oc.eco.br\/en\/home\/"},{"@type":"ListItem","position":2,"name":"Eventos","item":"https:\/\/centraldacop.oc.eco.br\/eventos\/"},{"@type":"ListItem","position":3,"name":"Cortejo Boi Vagalume espalhando suas sementes"}]},{"@type":"WebSite","@id":"https:\/\/centraldacop.oc.eco.br\/#website","url":"https:\/\/centraldacop.oc.eco.br\/","name":"Central da COP","description":"","publisher":{"@id":"https:\/\/centraldacop.oc.eco.br\/#organization"},"potentialAction":[{"@type":"SearchAction","target":{"@type":"EntryPoint","urlTemplate":"https:\/\/centraldacop.oc.eco.br\/?s={search_term_string}"},"query-input":{"@type":"PropertyValueSpecification","valueRequired":true,"valueName":"search_term_string"}}],"inLanguage":"en-US"},{"@type":"Organization","@id":"https:\/\/centraldacop.oc.eco.br\/#organization","name":"Central da COP","alternateName":"O Central da COP \u00e9 um site criado pelo Observat\u00f3rio do Clima","url":"https:\/\/centraldacop.oc.eco.br\/","logo":{"@type":"ImageObject","inLanguage":"en-US","@id":"https:\/\/centraldacop.oc.eco.br\/#\/schema\/logo\/image\/","url":"https:\/\/centraldacop.oc.eco.br\/wp-content\/uploads\/2024\/07\/Central-da-COP-Escudo.svg","contentUrl":"https:\/\/centraldacop.oc.eco.br\/wp-content\/uploads\/2024\/07\/Central-da-COP-Escudo.svg","width":800,"height":800,"caption":"Central da COP"},"image":{"@id":"https:\/\/centraldacop.oc.eco.br\/#\/schema\/logo\/image\/"},"sameAs":["https:\/\/www.facebook.com\/ObservatorioClima","https:\/\/x.com\/obsclima"]}]}},"_links":{"self":[{"href":"https:\/\/centraldacop.oc.eco.br\/en\/wp-json\/wp\/v2\/eventos\/4502","targetHints":{"allow":["GET"]}}],"collection":[{"href":"https:\/\/centraldacop.oc.eco.br\/en\/wp-json\/wp\/v2\/eventos"}],"about":[{"href":"https:\/\/centraldacop.oc.eco.br\/en\/wp-json\/wp\/v2\/types\/eventos"}],"author":[{"embeddable":true,"href":"https:\/\/centraldacop.oc.eco.br\/en\/wp-json\/wp\/v2\/users\/3"}],"wp:attachment":[{"href":"https:\/\/centraldacop.oc.eco.br\/en\/wp-json\/wp\/v2\/media?parent=4502"}],"wp:term":[{"taxonomy":"category","embeddable":true,"href":"https:\/\/centraldacop.oc.eco.br\/en\/wp-json\/wp\/v2\/categories?post=4502"},{"taxonomy":"post_tag","embeddable":true,"href":"https:\/\/centraldacop.oc.eco.br\/en\/wp-json\/wp\/v2\/tags?post=4502"}],"curies":[{"name":"wp","href":"https:\/\/api.w.org\/{rel}","templated":true}]}}

<p>Apresentação musical de boi-bumbá com 13 toadas, figurinos típicos e alegorias manipuladas pelo amo, incluindo cortejo pela praça. Reflexões sobre a crise climática aparecem nas falas do amo e nas letras das canções.</p>

<!-- This site is optimized with the Yoast SEO plugin v26.4 - https://yoast.com/wordpress/plugins/seo/ -->
<title>Cortejo Boi Vagalume espalhando suas sementes - Central da COP</title>
<meta name="robots" content="index, follow, max-snippet:-1, max-image-preview:large, max-video-preview:-1" />
<link rel="canonical" href="https://centraldacop.oc.eco.br/eventos/cortejo-boi-vagalume-espalhando-suas-sementes/" />
<meta property="og:locale" content="en_US" />
<meta property="og:type" content="article" />
<meta property="og:title" content="Cortejo Boi Vagalume espalhando suas sementes - Central da COP" />
<meta property="og:description" content="Apresentação musical de boi-bumbá com 13 toadas, figurinos típicos e alegorias manipuladas pelo amo, incluindo cortejo pela praça. Reflexões sobre a crise climática aparecem nas falas do amo e nas letras das canções." />
<meta property="og:url" content="https://centraldacop.oc.eco.br/eventos/cortejo-boi-vagalume-espalhando-suas-sementes/" />
<meta property="og:site_name" content="Central da COP" />
<meta property="article:publisher" content="https://www.facebook.com/ObservatorioClima" />
<meta property="article:modified_time" content="2025-11-05T18:43:19+00:00" />
<meta name="twitter:card" content="summary_large_image" />
<meta name="twitter:site" content="@obsclima" />
<script type="application/ld+json" class="yoast-schema-graph">{"@context":"https://schema.org","@graph":[{"@type":"WebPage","@id":"https://centraldacop.oc.eco.br/eventos/cortejo-boi-vagalume-espalhando-suas-sementes/","url":"https://centraldacop.oc.eco.br/eventos/cortejo-boi-vagalume-espalhando-suas-sementes/","name":"Cortejo Boi Vagalume espalhando suas sementes - Central da COP","isPartOf":{"@id":"https://centraldacop.oc.eco.br/#website"},"datePublished":"2025-10-30T23:23:46+00:00","dateModified":"2025-11-05T18:43:19+00:00","breadcrumb":{"@id":"https://centraldacop.oc.eco.br/eventos/cortejo-boi-vagalume-espalhando-suas-sementes/#breadcrumb"},"inLanguage":"en-US","potentialAction":[{"@type":"ReadAction","target":["https://centraldacop.oc.eco.br/eventos/cortejo-boi-vagalume-espalhando-suas-sementes/"]}]},{"@type":"BreadcrumbList","@id":"https://centraldacop.oc.eco.br/eventos/cortejo-boi-vagalume-espalhando-suas-sementes/#breadcrumb","itemListElement":[{"@type":"ListItem","position":1,"name":"Início","item":"https://centraldacop.oc.eco.br/en/home/"},{"@type":"ListItem","position":2,"name":"Eventos","item":"https://centraldacop.oc.eco.br/eventos/"},{"@type":"ListItem","position":3,"name":"Cortejo Boi Vagalume espalhando suas sementes"}]},{"@type":"WebSite","@id":"https://centraldacop.oc.eco.br/#website","url":"https://centraldacop.oc.eco.br/","name":"Central da COP","description":"","publisher":{"@id":"https://centraldacop.oc.eco.br/#organization"},"potentialAction":[{"@type":"SearchAction","target":{"@type":"EntryPoint","urlTemplate":"https://centraldacop.oc.eco.br/?s={search_term_string}"},"query-input":{"@type":"PropertyValueSpecification","valueRequired":true,"valueName":"search_term_string"}}],"inLanguage":"en-US"},{"@type":"Organization","@id":"https://centraldacop.oc.eco.br/#organization","name":"Central da COP","alternateName":"O Central da COP é um site criado pelo Observatório do Clima","url":"https://centraldacop.oc.eco.br/","logo":{"@type":"ImageObject","inLanguage":"en-US","@id":"https://centraldacop.oc.eco.br/#/schema/logo/image/","url":"https://centraldacop.oc.eco.br/wp-content/uploads/2024/07/Central-da-COP-Escudo.svg","contentUrl":"https://centraldacop.oc.eco.br/wp-content/uploads/2024/07/Central-da-COP-Escudo.svg","width":800,"height":800,"caption":"Central da COP"},"image":{"@id":"https://centraldacop.oc.eco.br/#/schema/logo/image/"},"sameAs":["https://www.facebook.com/ObservatorioClima","https://x.com/obsclima"]}]}</script>
<!-- / Yoast SEO plugin. -->

Apresentação musical de boi-bumbá com 13 toadas, figurinos típicos e alegorias manipuladas pelo amo, incluindo cortejo pela praça. Reflexões sobre a crise climática aparecem nas falas do amo e nas letras das canções.

Início

O Central da COP é um site criado pelo Observatório do Clima
